66?
2
What is the highest common factor of 70 and 3745?
35
What is the greatest common factor of 72 and 32?
8
Calculate the greatest common divisor of 901 and 731.
17
What is the greatest common divisor of 112 and 98?
14
Calculate the greatest common factor of 237 and 869.
79
What is the greatest common divisor of 10 and 55?
5
Calculate the greatest common divisor of 16 and 432.
16
What is the highest common divisor of 22 and 50534?
22
Calculate the greatest common factor of 425 and 34.
17
What is the highest common factor of 1182 and 6?
6
What is the greatest common factor of 5134 and 340?
34
What is the highest common divisor of 2 and 13?
1
Calculate the highest common factor of 437 and 323.
19
What is the highest common divisor of 455 and 715?
65
What is the greatest common factor of 923 and 71?
71
What is the highest common divisor of 47 and 9?
1
Calculate the greatest common divisor of 17 and 2227.
17
Calculate the highest common divisor of 8 and 3032.
8
Calculate the highest common factor of 2 and 1284.
2
What is the greatest common divisor of 8507 and 141?
47
Calculate the highest common divisor of 195 and 135.
15
What is the highest common divisor of 1924 and 104?
52
What is the highest common factor of 27 and 432?
27
What is the highest common divisor of 7742 and 196?
98
Calculate the greatest common factor of 13 and 3029.
13
What is the highest common factor of 20 and 14180?
20
Calculate the highest common divisor of 57 and 171.
57
Calculate the highest common divisor of 32 and 432.
16
What is the highest common divisor of 704 and 88?
88
Calculate the highest common divisor of 8630 and 20.
10
Calculate the highest common factor of 14351 and 113.
113
What is the highest common factor of 342 and 90?
18
What is the greatest common divisor of 880 and 1210?
110
Calculate the greatest common divisor of 100 and 590.
10
Calculate the greatest common factor of 27 and 864.
27
Calculate the greatest common factor of 101 and 1.
1
What is the greatest common divisor of 4662 and 315?
63
Calculate the highest common divisor of 93 and 62.
31
Calculate the highest common divisor of 58 and 1102.
58
Calculate the highest common divisor of 20 and 250.
10
Calculate the greatest common factor of 55 and 35.
5
What is the highest common factor of 50 and 800?
50
What is the greatest common divisor of 23625 and 567?
189
What is the highest common factor of 6527 and 122?
61
Calculate the highest common divisor of 13 and 15509.
13
Calculate the greatest common factor of 24 and 324.
12
What is the highest common factor of 637 and 871?
13
What is the greatest common divisor of 1431 and 53?
53
Calculate the greatest common factor of 53 and 901.
53
What is the highest common factor of 57 and 1083?
57
Calculate the highest common factor of 731 and 272.
17
What is the highest common factor of 4067 and 83?
83
What is the greatest common factor of 1038 and 15?
3
What is the greatest common divisor of 1310 and 70?
10
What is the highest common factor of 161 and 115?
23
What is the highest common factor of 2592 and 192?
96
What is the highest common divisor of 354 and 472?
118
What is the greatest common factor of 923 and 143?
13
Calculate the greatest common divisor of 354 and 6.
6
Calculate the highest common divisor of 203 and 14.
7
What is the greatest common divisor of 40 and 70000?
40
What is the highest common factor of 2620 and 40?
20
What is the highest common factor of 2306 and 4?
2
What is the greatest common factor of 85 and 20?
5
What is the highest common divisor of 95 and 5890?
95
What is the greatest common divisor of 192 and 168?
24
What is the highest common factor of 6 and 102?
6
Calculate the greatest common divisor of 21158 and 284.
142
What is the greatest common divisor of 121 and 55?
11
What is the highest common factor of 59 and 7847?
59
Calculate the highest common factor of 1342 and 22.
22
Calculate the greatest common factor of 5203 and 215.
43
Calculate the greatest common divisor of 84 and 70.
14
What is the highest common divisor of 275 and 935?
55
Calculate the highest common divisor of 143 and 308.
11
What is the highest common factor of 2 and 12?
2
Calculate the highest common factor of 36 and 336.
12
What is the highest common factor of 1480 and 2775?
185
What is the highest common factor of 81400 and 40?
40
Calculate the highest common divisor of 17 and 1513.
17
What is the highest common factor of 332 and 4?
4
What is the highest common divisor of 1436 and 4?
4
What is the greatest common divisor of 21088 and 32?
32
Calculate the highest common factor of 20 and 7940.
20
Calculate the highest common divisor of 25 and 40.
5
What is the highest common factor of 12 and 2388?
12
Calculate the highest common divisor of 611 and 47.
47
Calculate the highest common divisor of 12 and 276.
12
What is the greatest common factor of 578 and 646?
34
What is the highest common divisor of 168 and 6888?
168
Calculate the highest common factor of 918 and 816.
102
Calculate the highest common divisor of 2 and 1018.
2
What is the highest common factor of 1100 and 4?
4
Calculate the greatest common divisor of 24 and 564.
12
What is the greatest common factor of 224 and 928?
32
What is the highest common factor of 308 and 4172?
28
Calculate the highest common divisor of 90 and 150.
30
What is the greatest common factor of 34 and 1598?
34
What is the greatest common divisor of 1592 and 4179?
199
Calculate the highest common divisor of 9 and 162.
9
What is the greatest common divisor of 50 and 200?
50
Calculate the greatest common divisor of 200 and 440.
40
Calculate the highest common factor of 230 and 40.
10
What is the highest common divisor of 57 and 2375?
19
Calculate the greatest common divisor of 120 and 45.
15
What is the highest common factor of 72 and 16?
8
Calculate the highest common factor of 58 and 116.
58
Calculate the greatest common factor of 63 and 441.
63
What is the highest common factor of 195 and 1080?
15
Calculate the greatest common factor of 403 and 26.
13
Calculate the greatest common divisor of 70 and 602.
14
What is the greatest common divisor of 57 and 14383?
19
Calculate the highest common divisor of 12 and 36.
12
What is the greatest common divisor of 264 and 74184?
264
What is the greatest common factor of 185 and 481?
37
Calculate the greatest common factor of 8 and 200.
8
What is the greatest common divisor of 168 and 108?
12
Calculate the highest common divisor of 99 and 1914.
33
What is the highest common divisor of 5262 and 6?
6
What is the greatest common divisor of 31 and 868?
31
Calculate the greatest common divisor of 372 and 837.
93
What is the greatest common divisor of 189 and 3942?
27
Calculate the greatest common divisor of 1456 and 266.
14
Calculate the highest common divisor of 2561 and 52.
13
Calculate the highest common factor of 296 and 14.
2
Calculate the highest common factor of 147 and 210.
21
What is the greatest common divisor of 58 and 174?
58
What is the highest common divisor of 116 and 8?
4
Calculate the highest common factor of 368 and 2512.
16
Calculate the highest common divisor of 38 and 57.
19
Calculate the highest common divisor of 234 and 26.
26
What is the highest common factor of 606 and 1919?
101
What is the greatest common divisor of 4904 and 64?
8
What is the greatest common factor of 592 and 148?
148
What is the highest common factor of 4212 and 5508?
324
What is the highest common factor of 50 and 625?
25
What is the greatest common divisor of 544 and 17?
17
Calculate the greatest common divisor of 20 and 1460.
20
What is the highest common divisor of 808 and 40?
8
Calculate the greatest common factor of 54 and 882.
18
What is the greatest common factor of 273 and 26?
13
What is the greatest common divisor of 90 and 5625?
45
What is the highest common factor of 1190 and 560?
70
What is the greatest common factor of 290 and 20?
10
Calculate the greatest common divisor of 48 and 276.
12
What is the greatest common divisor of 461 and 7?
1
Calculate the highest common divisor of 335 and 737.
67
What is the greatest common divisor of 7192 and 248?
248
Calculate the highest common factor of 540 and 300.
60
What is the highest common factor of 250 and 30?
10
What is the greatest common di